 + h. What is the units digit of c?
6
Suppose -3*u - 99 = -a - 31, 2*u = 3*a - 232. What is the tens digit of a?
8
Let f(n) = n**2 - n + 1. What is the units digit of f(0)?
1
Let l be 9/(-3) - (-7 - 0). Suppose 165 = j + 2*j. Suppose l*d = -d + j. What is the units digit of d?
1
Let f(k) = -10*k + 5. Let d(s) = -s**3 + 5*s**2 - 5*s - 2. Let n be d(4). Let z be f(n). Suppose 6*c = c + z. What is the tens digit of c?
1
Let t(z) = 4*z + 1. Suppose 4*s = 20, w - 4 = -2*s + 6. Suppose u - 2 = -w*u. What is the units digit of t(u)?
9
Let r = 3 + -5. Let v = -1 - r. Suppose 2*f - 3 = v. What is the units digit of f?
2
Let h(y) = y**3 - 12*y**2 - 10*y - 15. What is the tens digit of h(13)?
2
What is the units digit of (-4)/4*3 + 180?
7
Let h = -4 - -6. Suppose 2*j - 52 = -4*t, 0 = 4*t - 0*t + 5*j - 46. Suppose 0*s = h*s - t. What is the units digit of s?
7
Suppose 27 + 79 = m. What is the tens digit of m?
0
Let z be 12/(-2)*(-7)/(-3). Let s(k) = -k - 3. Let g be s(4). Let y = g - z. What is the units digit of y?
7
Let x(f) = 29*f**3 + f - 1. Suppose -2 = -2*c - y + 3, -3*y = -5*c - 4. What is the tens digit of x(c)?
2
Let s = -5 + 9. Let a(m) = 2*m**2 - 7*m + 5. What is the units digit of a(s)?
9
Let r = 5 + -4. Suppose -2*i + 26 = -2*b, 0*b + b - r = 0. What is the units digit of i?
4
Let u be -1 + 5 - (-5 + 7). Suppose 6*b - u*j - 6 = 4*b, 4*b + 4*j + 12 = 0. Let c(r) = r**3 + 18. What is the units digit of c(b)?
8
Suppose x - 4 = 4*g + 3*x, -3*g + 2 = -x. Let a = 5 - 2. Suppose -a*l = -12 - g. What is the units digit of l?
4
Suppose 156 = z + 2*z. What is the units digit of z?
2
Suppose 5*m + 0*m = 610. Suppose -5*x - 5 = 0, 3*t - m = -0*t + 2*x. Suppose -2*f - 3*f = -t. What is the units digit of f?
8
What is the units digit of 2/(1/(-40)*-4)?
0
Suppose 0*u - u + 13 = 0. Suppose 11 = 4*j + 4*q - 9, -5*j + u = 2*q. What is the units digit of j?
1
Let i = 38 + -15. What is the tens digit of i?
2
Let u = 27 + -11. What is the tens digit of u?
1
Let r(o) = 189*o + 5. What is the tens digit of r(1)?
9
Let t(w) be the second derivative of w**4/12 - w**3/2 - 5*w**2/2 - 5*w. What is the units digit of t(-5)?
5
Let q be (-111)/(-21) + (-4)/14. Suppose -2*b = -g - 9, -4*g + q*b - 1 = 23. Let w = g - -2. What is the units digit of w?
1
Suppose 8*f - 3*f - 3*w - 534 = 0, f - 102 = -w. What is the units digit of (-3)/(-6) + f/6?
8
Suppose 2*s - s - 52 = 0. What is the units digit of s?
2
Let x be 3/4 + (-1140)/(-16). Let m = -47 + x. What is the units digit of m?
5
Let m(y) = y**3 + y + 37. Let u be m(0). Suppose i + 2*v + 22 = 7*v, 4*i = -5*v + u. Suppose -24 = -6*z + i*z. What is the units digit of z?
8
Let g(z) = -z**2 - z. Let p be g(0). Suppose 6 = -p*j + 2*j. What is the units digit of j?
3
Suppose -2*l - 20 = -5*o, 4*l = 4*o - l - 33. Suppose -2*d + o = -4. Suppose 5*h = -0*h + 5*t + 5, 12 = d*t. What is the units digit of h?
5
Suppose -179 = -8*l + 157. What is the units digit of l?
2
Suppose 2*l - 327 = 19. What is the units digit of l?
3
Let p(h) = h + 5. Let y be p(-5). Let n = 3 + y. What is the units digit of n?
3
Let l = 4 + 2. Suppose 0*s - 3*s = -l. What is the units digit of s?
2
Let y(d) = d**2 + d - 6. Let f be y(0). What is the units digit of (-51)/(f - -3) - 2?
5
Let r be 1*3*(-304)/(-24). Suppose 3*c = c + r. What is the units digit of c?
9
What is the units digit of (0 + 249)*(-4)/(-32)*8?
9
Let a(b) = -b**3 + 15*b**2 + 18*b - 22. What is the tens digit of a(16)?
1
Suppose -6 + 3 = -g. What is the units digit of (4 - (g + -1))*3?
6
Let d be (-16)/(-6) - 1/(-3). Let b(i) = -i**3 - 5*i**2 + 6*i + 1. Let o be b(-6). Suppose d*a - o = 5. What is the units digit of a?
2
Suppose -39*i - 201 = -40*i. What is the hundreds digit of i?
2
Let l(y) = y**3 + 6*y**2 + y - 6. What is the tens digit of l(-5)?
1
Let t(v) = -6*v**3 - v**2 + 1. Let r be t(-1). What is the units digit of (-1 + 16/r)*3?
5
Let j(t) = -t**2 - 10*t - 11. Let o be j(-8). Let v = o - 6. What is the units digit of -2*(-3 - v)/2?
2
Let m(h) be the first derivative of -35*h**4/4 - 1. What is the units digit of m(-1)?
5
Suppose h - 5 = -0*h. What is the units digit of h?
5
What is the units digit of (3/3)/1 - -54?
5
Let z = 9 + -4. Let u = 4 + -1. Suppose -u*o = -z*q + 25, q + 2*o = -2*o - 18. What is the units digit of q?
2
Let o(g) = -g**3 + 3*g**2 - g. Let y be o(2). Let x be 2/y*(-1 - 4). Let r(s) = -s**2 - 6*s + 4. What is the units digit of r(x)?
9
Suppose 2*a = 6*a - 4. Let z = 4 + a. What is the units digit of z?
5
Suppose 2*a - a + 10 = 0. Let v(m) = -m + 2. What is the tens digit of v(a)?
1
Let q = 93 + -77. What is the units digit of q?
6
Suppose 3*l - 14 = 5*l. What is the units digit of l*(-2)/(6/15)?
5
Suppose -61*s + 63*s = 300. What is the hundreds digit of s?
1
Suppose -6*u + 66 = -114. What is the units digit of u?
0
Let c be (-1)/(14/8 + -2). Suppose -c*m = -44 - 20. What is the units digit of m?
6
Let i(g) = 4*g**3 - g**2 - 2*g - 1. Let n be i(2). Let s = 18 + n. What is the units digit of s?
1
Let h(o) = o**2 - 4*o - 1. Let d be h(-3). Suppose 3*p - 16 = d. What is the tens digit of (p - 0) + 0/4?
1
Let o(y) = 2*y**2 + 20*y + 35. Let s be o(-8). Suppose -3*j + 14 = 2*j + 3*k, -5*k - 14 = -j. What is the units digit of (s/(-4))/((-1)/j)?
3
Suppose -20 = -7*r + 2*r. Suppose -3*n = 5*t - 0*t - 12, 3*n = 12. Let o = t + r. What is the units digit of o?
4
Suppose 0*m - 4*m + 8 = 0. Suppose -4*z - 8 = 0, 2*y - 5 = 2*z + 5. What is the units digit of m/6*36/y?
4
What is the units digit of (-2)/(-5) - 532/(-20)?
7
Suppose -13*z + 15*z = 642. What is the hundreds digit of z?
3
Let j = 0 - -2. Suppose -4*r + 9*r = 3*u - 44, -4 = j*u + 5*r. What is the units digit of u?
8
Let z(v) = 2*v - 5. Let b be z(5). Suppose 3*u + 2*p - 46 = 0, 3*u + b*p = -u + 66. What is the units digit of u?
4
Let z = -51 - -101. What is the tens digit of z?
5
Suppose -6*m = -2*d - m + 633, 3*d = m + 943. What is the tens digit of d?
1
Let j(s) = -s**3 - 1 - 1 - 1 + 0*s**3 + 4*s**2. Let w be j(3). Suppose n - 5*a = 10, -4*n - a = -w*a - 25. What is the units digit of n?
5
Suppose z - 16 = 3*v, -2*z + z = -4*v - 20. Suppose z*p = -0*p + 36. What is the units digit of p?
9
Suppose u + 4*m = -4*u + 2, 0 = 2*u - m - 6. Let o = 7 - 4. Suppose o*q - 1 = -10, 30 = 4*a - u*q. What is the units digit of a?
6
Suppose -4*o - 8 = -3*a - 2*a, 4*o = -4*a + 28. What is the units digit of a?
4
Suppose -4*b - 4 = -2*b. Let l be 0 - (-4)/b - -2. Suppose -5*u = -l - 10. What is the units digit of u?
2
Let a(f) = f**3 + 13*f**2 + 3*f + 10. Let w be a(-13). Suppose 250 = 5*q + 2*k, q + 5 = -k + 58. Let i = q + w. What is the tens digit of i?
1
Suppose b = 107 - 29. Suppose 2*z - b = -4*z. What is the tens digit of z?
1
Let u = 2604 - 1554. Suppose 5*k = -0*k + u. What is the units digit of k/12 + (-2)/4?
7
Suppose -3*s + 5*c + 6 = -45, -5*s - 2*c = -116. Let v(t) = -t + 2*t - s*t**2 - 1 + 25*t**2. What is the units digit of v(-2)?
9
Let c = -95 - -133. What is the tens digit of c?
3
Suppose 0*x - 4*x = -368. What is the tens digit of x?
9
Let l(h) = -h + 13. Let u(x) = -x**2 + 5*x + 7. Let m be u(5). What is the units digit of l(m)?
6
Suppose 6 = -5*y + 31. Suppose -m + b - 2*b + 25 = 0, m - 21 = -y*b. What is the units digit of m?
6
Let y(a) = 31*a - 4. What is the units digit of y(1)?
7
Suppose -27 = b + 2*b. Let u = b - -5. What is the units digit of ((u/2)/(-2))/1?
1
Suppose -d - 4*c + 5*c = 0, 3*d - 4*c + 5 = 0. Suppose -4*n + 0*g = 2*g - 18, -d*g = 5*n - 15. What is the units digit of n?
6
Let z(n) = 6*n**2 + 2*n + 1. Let h be z(-1). Suppose 0 = -d + 4, -a - 2*a + h*d = -49. What is the tens digit of a?
2
Let u be 4/5 - (-34)/(-5). Let c(n) = n + 8. What is the units digit of c(u)?
2
What is the units digit of ((-4)/5)/(1 + (-61)/60)?
8
Suppose -2*k + 4 + 10 = 0. Let a(d) = -d**2 + 8*d + 1. Let i be a(k). Let r = i - 5. What is the units digit of r?
3
Suppose 10 = -w - 4*j, 5*w + 2*j + 8 = -6. Let f(y) = -y**2 - 2*y + 1. What is the units digit of f(w)?
1
Let z be (-42)/(-8) - (-1)/(-4). Suppose z*q - 55 = 3*w, 4*w + w + 65 = 3*q. What is the tens digit of (-4 - 2)*w/3?
2
Suppose -8*a + a + 665 = 0. What is the units digit of a?
5
Let y(z) be the third derivative of 5*z**4/24 - z**3/2 - 6*z**2. What is the u